{"id":265,"date":"2018-07-04T09:43:53","date_gmt":"2018-07-04T09:43:53","guid":{"rendered":"http:\/\/target21.de\/?page_id=265"},"modified":"2018-12-04T19:52:20","modified_gmt":"2018-12-04T19:52:20","slug":"raspberry-pi","status":"publish","type":"page","link":"https:\/\/target21.de\/?page_id=265","title":{"rendered":"Pi-Case"},"content":{"rendered":"<h1><strong>Raspberry-Pi Case<\/strong><\/h1>\n<p>Aus einem Werkzeugkoffer aus dem Baumarkt und ein paar ganz gew\u00f6hnlichen Bauteilen habe ich hier ein voll transportables Raspberry-Pi System gebaut. LAN und Audio sind von au\u00dfen zug\u00e4nglich und die Batterie (Powerbank) kann ebenfalls von au\u00dfen geladen werden. Das Ladeger\u00e4t ist innen per Klettverschluss verstaut und somit immer dabei. Folgende Bauteile wurden\u00a0verwendet:<\/p>\n<ul>\n<li>Raspberry Pi 3b+ (Takt reduziert)<\/li>\n<li>64 GB Micro-SD Karte<\/li>\n<li>Eyoyo S801c (USB powered)<\/li>\n<li>Anker PowerCore 20100<\/li>\n<li>2x Buffalo USB Gamepad<\/li>\n<li>Rii 02 Mini Tastatur (Funk)<\/li>\n<\/ul>\n<p>Zus\u00e4tzlich ist die Verkabelung intern mit Standard-USB Kabeln und Adapterkabeln realisiert. Der Strom wird \u00fcber\u00a0zwei \u00a0USB-Schalter an- und abgeschaltet. Das hat den Vorteil, dass die PowerBank nicht entladen wird, wenn das Ger\u00e4t nicht benutzt wird.<\/p>\n<p>Es handelt sich hier um einen Prototypen, der etwa 250 Euro Materialkosten verursacht.\u00a0Die Bauweise ist sicherlich optimierbar.<\/p>\n<p>Als stabiler Takt des Prozessors haben sich bei USB-Stromversorgung \u00fcber eine PowerBank etwa 900-100 Mhz herausgestellt. So bleibt das System vollst\u00e4ndig stabil. Webstreams und HD-Videos waren so kein Problem.<\/p>\n<p>Beim Monitor gibt es leider nicht viele Modelle, die sich \u00fcber USB mit Strom versorgen lassen. Das verwendete Modell von Eyoyo bietet zus\u00e4tzlich den Vorteil, dass es Lautsprecher enth\u00e4lt.<\/p>\n<p>Einer der USB-Ports des Pi ist per Adapter innen zug\u00e4nglich und befindet sich in der Vertiefung der GamePad-Halterung rechts. Hier k\u00f6nnen USB-Sticks etc. betrieben werden und bei Bedarf auch zus\u00e4tzliche Eingabeger\u00e4te.<\/p>\n<p><img loading=\"lazy\" class=\"alignnone wp-image-292 size-large\" src=\"http:\/\/target21.de\/wp-content\/uploads\/2018\/12\/DSC_0574-1024x576.jpg\" alt=\"\" width=\"525\" height=\"295\" srcset=\"https:\/\/target21.de\/wp-content\/uploads\/2018\/12\/DSC_0574-1024x576.jpg 1024w, https:\/\/target21.de\/wp-content\/uploads\/2018\/12\/DSC_0574-300x169.jpg 300w, https:\/\/target21.de\/wp-content\/uploads\/2018\/12\/DSC_0574-768x432.jpg 768w\" sizes=\"(max-width: 525px) 100vw, 525px\" \/> <img loading=\"lazy\" class=\"alignnone wp-image-293 size-large\" src=\"http:\/\/target21.de\/wp-content\/uploads\/2018\/12\/DSC_0575-1-1024x576.jpg\" alt=\"\" width=\"525\" height=\"295\" srcset=\"https:\/\/target21.de\/wp-content\/uploads\/2018\/12\/DSC_0575-1-1024x576.jpg 1024w, https:\/\/target21.de\/wp-content\/uploads\/2018\/12\/DSC_0575-1-300x169.jpg 300w, https:\/\/target21.de\/wp-content\/uploads\/2018\/12\/DSC_0575-1-768x432.jpg 768w\" sizes=\"(max-width: 525px) 100vw, 525px\" \/> <img loading=\"lazy\" class=\"alignnone wp-image-294 size-large\" src=\"http:\/\/target21.de\/wp-content\/uploads\/2018\/12\/DSC_0576-1024x576.jpg\" alt=\"\" width=\"525\" height=\"295\" srcset=\"https:\/\/target21.de\/wp-content\/uploads\/2018\/12\/DSC_0576-1024x576.jpg 1024w, https:\/\/target21.de\/wp-content\/uploads\/2018\/12\/DSC_0576-300x169.jpg 300w, https:\/\/target21.de\/wp-content\/uploads\/2018\/12\/DSC_0576-768x432.jpg 768w\" sizes=\"(max-width: 525px) 100vw, 525px\" \/> <img loading=\"lazy\" class=\"alignnone wp-image-295 size-large\" src=\"http:\/\/target21.de\/wp-content\/uploads\/2018\/12\/DSC_0577-1024x576.jpg\" alt=\"\" width=\"525\" height=\"295\" srcset=\"https:\/\/target21.de\/wp-content\/uploads\/2018\/12\/DSC_0577-1024x576.jpg 1024w, https:\/\/target21.de\/wp-content\/uploads\/2018\/12\/DSC_0577-300x169.jpg 300w, https:\/\/target21.de\/wp-content\/uploads\/2018\/12\/DSC_0577-768x432.jpg 768w\" sizes=\"(max-width: 525px) 100vw, 525px\" \/> <img loading=\"lazy\" class=\"alignnone wp-image-296 size-large\" src=\"http:\/\/target21.de\/wp-content\/uploads\/2018\/12\/DSC_0578-1024x576.jpg\" alt=\"\" width=\"525\" height=\"295\" srcset=\"https:\/\/target21.de\/wp-content\/uploads\/2018\/12\/DSC_0578-1024x576.jpg 1024w, https:\/\/target21.de\/wp-content\/uploads\/2018\/12\/DSC_0578-300x169.jpg 300w, https:\/\/target21.de\/wp-content\/uploads\/2018\/12\/DSC_0578-768x432.jpg 768w\" sizes=\"(max-width: 525px) 100vw, 525px\" \/> <img loading=\"lazy\" class=\"alignnone wp-image-297 size-large\" src=\"http:\/\/target21.de\/wp-content\/uploads\/2018\/12\/DSC_0579-1024x576.jpg\" alt=\"\" width=\"525\" height=\"295\" srcset=\"https:\/\/target21.de\/wp-content\/uploads\/2018\/12\/DSC_0579-1024x576.jpg 1024w, https:\/\/target21.de\/wp-content\/uploads\/2018\/12\/DSC_0579-300x169.jpg 300w, https:\/\/target21.de\/wp-content\/uploads\/2018\/12\/DSC_0579-768x432.jpg 768w\" sizes=\"(max-width: 525px) 100vw, 525px\" \/> <img loading=\"lazy\" class=\"alignnone wp-image-298 size-large\" src=\"http:\/\/target21.de\/wp-content\/uploads\/2018\/12\/DSC_0580-1024x576.jpg\" alt=\"\" width=\"525\" height=\"295\" srcset=\"https:\/\/target21.de\/wp-content\/uploads\/2018\/12\/DSC_0580-1024x576.jpg 1024w, https:\/\/target21.de\/wp-content\/uploads\/2018\/12\/DSC_0580-300x169.jpg 300w, https:\/\/target21.de\/wp-content\/uploads\/2018\/12\/DSC_0580-768x432.jpg 768w\" sizes=\"(max-width: 525px) 100vw, 525px\" \/> <img loading=\"lazy\" class=\"alignnone wp-image-299 size-large\" src=\"http:\/\/target21.de\/wp-content\/uploads\/2018\/12\/DSC_0581-1024x576.jpg\" alt=\"\" width=\"525\" height=\"295\" srcset=\"https:\/\/target21.de\/wp-content\/uploads\/2018\/12\/DSC_0581-1024x576.jpg 1024w, https:\/\/target21.de\/wp-content\/uploads\/2018\/12\/DSC_0581-300x169.jpg 300w, https:\/\/target21.de\/wp-content\/uploads\/2018\/12\/DSC_0581-768x432.jpg 768w\" sizes=\"(max-width: 525px) 100vw, 525px\" \/> <img loading=\"lazy\" class=\"alignnone wp-image-300 size-large\" src=\"http:\/\/target21.de\/wp-content\/uploads\/2018\/12\/DSC_0582-1024x576.jpg\" alt=\"\" width=\"525\" height=\"295\" srcset=\"https:\/\/target21.de\/wp-content\/uploads\/2018\/12\/DSC_0582-1024x576.jpg 1024w, https:\/\/target21.de\/wp-content\/uploads\/2018\/12\/DSC_0582-300x169.jpg 300w, https:\/\/target21.de\/wp-content\/uploads\/2018\/12\/DSC_0582-768x432.jpg 768w\" sizes=\"(max-width: 525px) 100vw, 525px\" \/> <img loading=\"lazy\" class=\"alignnone wp-image-301 size-large\" src=\"http:\/\/target21.de\/wp-content\/uploads\/2018\/12\/DSC_0583-1024x576.jpg\" alt=\"\" width=\"525\" height=\"295\" srcset=\"https:\/\/target21.de\/wp-content\/uploads\/2018\/12\/DSC_0583-1024x576.jpg 1024w, https:\/\/target21.de\/wp-content\/uploads\/2018\/12\/DSC_0583-300x169.jpg 300w, https:\/\/target21.de\/wp-content\/uploads\/2018\/12\/DSC_0583-768x432.jpg 768w\" sizes=\"(max-width: 525px) 100vw, 525px\" \/> <img loading=\"lazy\" class=\"alignnone wp-image-302 size-large\" src=\"http:\/\/target21.de\/wp-content\/uploads\/2018\/12\/DSC_0584-1024x576.jpg\" alt=\"\" width=\"525\" height=\"295\" srcset=\"https:\/\/target21.de\/wp-content\/uploads\/2018\/12\/DSC_0584-1024x576.jpg 1024w, https:\/\/target21.de\/wp-content\/uploads\/2018\/12\/DSC_0584-300x169.jpg 300w, https:\/\/target21.de\/wp-content\/uploads\/2018\/12\/DSC_0584-768x432.jpg 768w\" sizes=\"(max-width: 525px) 100vw, 525px\" \/> <img loading=\"lazy\" class=\"alignnone wp-image-303 size-large\" src=\"http:\/\/target21.de\/wp-content\/uploads\/2018\/12\/DSC_0585-1024x576.jpg\" alt=\"\" width=\"525\" height=\"295\" srcset=\"https:\/\/target21.de\/wp-content\/uploads\/2018\/12\/DSC_0585-1024x576.jpg 1024w, https:\/\/target21.de\/wp-content\/uploads\/2018\/12\/DSC_0585-300x169.jpg 300w, https:\/\/target21.de\/wp-content\/uploads\/2018\/12\/DSC_0585-768x432.jpg 768w\" sizes=\"(max-width: 525px) 100vw, 525px\" \/><\/p>\n","protected":false},"excerpt":{"rendered":"<p>Raspberry-Pi Case Aus einem Werkzeugkoffer aus dem Baumarkt und ein paar ganz gew\u00f6hnlichen Bauteilen habe ich hier ein voll transportables Raspberry-Pi System gebaut. LAN und Audio sind von au\u00dfen zug\u00e4nglich und die Batterie (Powerbank) kann ebenfalls von au\u00dfen geladen werden. Das Ladeger\u00e4t ist innen per Klettverschluss verstaut und somit immer dabei. Folgende Bauteile wurden\u00a0verwendet: Raspberry &hellip; <\/p>\n<p class=\"link-more\"><a href=\"https:\/\/target21.de\/?page_id=265\" class=\"more-link\"><span class=\"screen-reader-text\">\u201ePi-Case\u201c<\/span> weiterlesen<\/a><\/p>\n","protected":false},"author":1,"featured_media":0,"parent":0,"menu_order":0,"comment_status":"closed","ping_status":"closed","template":"","meta":[],"_links":{"self":[{"href":"https:\/\/target21.de\/index.php?rest_route=\/wp\/v2\/pages\/265"}],"collection":[{"href":"https:\/\/target21.de\/index.php?rest_route=\/wp\/v2\/pages"}],"about":[{"href":"https:\/\/target21.de\/index.php?rest_route=\/wp\/v2\/types\/page"}],"author":[{"embeddable":true,"href":"https:\/\/target21.de\/index.php?rest_route=\/wp\/v2\/users\/1"}],"replies":[{"embeddable":true,"href":"https:\/\/target21.de\/index.php?rest_route=%2Fwp%2Fv2%2Fcomments&post=265"}],"version-history":[{"count":6,"href":"https:\/\/target21.de\/index.php?rest_route=\/wp\/v2\/pages\/265\/revisions"}],"predecessor-version":[{"id":305,"href":"https:\/\/target21.de\/index.php?rest_route=\/wp\/v2\/pages\/265\/revisions\/305"}],"wp:attachment":[{"href":"https:\/\/target21.de\/index.php?rest_route=%2Fwp%2Fv2%2Fmedia&parent=265"}],"curies":[{"name":"wp","href":"https:\/\/api.w.org\/{rel}","templated":true}]}}